he remainder when 3454 is divided by 1131.
61
Calculate the remainder when 41633 is divided by 443.
434
Calculate the remainder when 914 is divided by 231.
221
What is the remainder when 119483 is divided by 912?
11
What is the remainder when 201846 is divided by 1998?
48
Calculate the remainder when 1031 is divided by 1029.
2
What is the remainder when 15599 is divided by 274?
255
Calculate the remainder when 9686 is divided by 2409.
50
What is the remainder when 3201 is divided by 380?
161
Calculate the remainder when 5187 is divided by 33.
6
Calculate the remainder when 111607 is divided by 1395.
7
Calculate the remainder when 29156 is divided by 1820.
36
Calculate the remainder when 4758 is divided by 2354.
50
What is the remainder when 32654 is divided by 16325?
4
Calculate the remainder when 7511 is divided by 150.
11
Calculate the remainder when 13085 is divided by 51.
29
What is the remainder when 460414 is divided by 50?
14
Calculate the remainder when 161489 is divided by 425.
414
Calculate the remainder when 1104 is divided by 54.
24
Calculate the remainder when 1825 is divided by 484.
373
What is the remainder when 160338 is divided by 473?
464
Calculate the remainder when 346498 is divided by 750.
748
Calculate the remainder when 9054 is divided by 160.
94
What is the remainder when 2501 is divided by 2277?
224
Calculate the remainder when 5609 is divided by 224.
9
Calculate the remainder when 439311 is divided by 102.
99
Calculate the remainder when 37731 is divided by 114.
111
Calculate the remainder when 10044 is divided by 245.
244
Calculate the remainder when 4696 is divided by 186.
46
What is the remainder when 12727 is divided by 424?
7
Calculate the remainder when 604650 is divided by 43188.
18
What is the remainder when 29989 is divided by 1529?
938
What is the remainder when 825 is divided by 315?
195
What is the remainder when 17358 is divided by 262?
66
What is the remainder when 5029 is divided by 32?
5
What is the remainder when 8143 is divided by 274?
197
What is the remainder when 33828 is divided by 692?
612
What is the remainder when 233318 is divided by 38?
36
What is the remainder when 476414 is divided by 33?
26
What is the remainder when 6781 is divided by 357?
355
What is the remainder when 14745 is divided by 3403?
1133
What is the remainder when 120958 is divided by 4479?
25
What is the remainder when 21166 is divided by 7013?
127
What is the remainder when 473 is divided by 173?
127
What is the remainder when 6508 is divided by 506?
436
What is the remainder when 21405 is divided by 74?
19
Calculate the remainder when 15984 is divided by 320.
304
Calculate the remainder when 19114 is divided by 9546.
22
What is the remainder when 7774 is divided by 369?
25
Calculate the remainder when 95898 is divided by 275.
198
Calculate the remainder when 59461 is divided by 190.
181
What is the remainder when 2176 is divided by 1079?
18
Calculate the remainder when 3702 is divided by 3697.
5
What is the remainder when 22577 is divided by 189?
86
Calculate the remainder when 1299775 is divided by 45.
40
What is the remainder when 16343 is divided by 5444?
11
What is the remainder when 1006 is divided by 198?
16
Calculate the remainder when 221666 is divided by 1468.
1466
Calculate the remainder when 2881 is divided by 296.
217
Calculate the remainder when 35204 is divided by 284.
272
Calculate the remainder when 2792 is divided by 98.
48
Calculate the remainder when 7758 is divided by 1930.
38
Calculate the remainder when 2041 is divided by 19.
8
What is the remainder when 43272 is divided by 214?
44
What is the remainder when 44533 is divided by 174?
163
Calculate the remainder when 5457 is divided by 400.
257
Calculate the remainder when 1467641 is divided by 49.
42
What is the remainder when 212039 is divided by 285?
284
What is the remainder when 1938 is divided by 17?
0
Calculate the remainder when 125484 is divided by 31371.
0
What is the remainder when 20948 is divided by 1920?
1748
What is the remainder when 25445 is divided by 25441?
4
Calculate the remainder when 260593 is divided by 2863.
60
What is the remainder when 4404 is divided by 397?
37
What is the remainder when 14716 is divided by 80?
76
Calculate the remainder when 120584 is divided by 23.
18
What is the remainder when 18907 is divided by 53?
39
What is the remainder when 13873 is divided by 111?
109
What is the remainder when 408177 is divided by 127?
126
Calculate the remainder when 4878 is divided by 30.
18
Calculate the remainder when 15285 is divided by 4.
1
What is the remainder when 16425441 is divided by 589?
587
Calculate the remainder when 23947 is divided by 11970.
7
Calculate the remainder when 47515 is divided by 264.
259
Calculate the remainder when 43 is divided by 12.
7
What is the remainder when 7437 is divided by 124?
121
Calculate the remainder when 1044 is divided by 107.
81
Calculate the remainder when 4450 is divided by 261.
13
What is the remainder when 17242 is divided by 380?
142
What is the remainder when 226829 is divided by 1786?
7
What is the remainder when 328 is divided by 17?
5
Calculate the remainder when 2996943 is divided by 342.
339
Calculate the remainder when 5941 is divided by 26.
13
What is the remainder when 4508 is divided by 674?
464
Calculate the remainder when 71592 is divided by 3975.
42
What is the remainder when 325122 is divided by 26?
18
What is the remainder when 3017815 is divided by 81?
79
What is the remainder when 24044 is divided by 23929?
115
Calculate the remainder when 19419 is divided by 13.
10
What is the remainder when 61842 is divided by 31?
28
What is the remainder when 8446 is divided by 3839?
768
What is the remainder when 484352 is divided by 1217?
1203
Calculate the remainder when 72866 is divided by 532.
514
Calculate the remainder when 33800 is divided by 824.
16
Calculate the remainder when 13338111 is divided by 1912.
1911
What is the remainder when 167684 is divided by 1215?
14
Calculate the remainder when 168115 is divided by 18.
13
Calculate the remainder when 24736 is divided by 8214.
94
What is the remainder when 106858 is divided by 39?
37
What is the remainder when 3682 is divided by 521?
35
What is the remainder when 6816 is divided by 91?
82
Calculate the remainder when 431895 is divided by 13.
9
Calculate the remainder when 28927 is divided by 629.
622
What is the remainder when 112331 is divided by 120?
11
Calculate the remainder when 274763 is divided by 13.
8
Calculate the remainder when 19265 is divided by 94.
89
Calculate the remainder when 29639 is divided by 9872.
23
Calculate the remainder when 171471 is divided by 2091.
9
Calculate the remainder when 7549 is divided by 277.
70
What is the remainder when 47529 is divided by 29?
27
What is the remainder when 82348 is divided by 10287?
52
Calculate the remainder when 321 is divided by 123.
75
What is the remainder when 292364 is divided by 130?
124
Calculate the remainder when 161879 is divided by 6744.
23
What is the remainder when 53522 is divided by 6690?
2
What is the remainder when 1319 is divided by 328?
7
What is the remainder when 108674 is divided by 115?
114
Calculate the remainder when 5490 is divided by 39.
30
What is the remainder when 284774 is divided by 56943?
59
Calculate the remainder when 3192 is divided by 187.
13
What is the remainder when 1190671 is divided by 28?
27
Calculate the remainder when 64089 is divided by 319.
289
Calculate the remainder when 1761 is divided by 1743.
18
Calculate the remainder when 16491 is divided by 86.
65
Calculate the remainder when 23194 is divided by 2723.
1410
What is the remainder when 20815 is divided by 1299?
31
What is the remainder when 212386 is divided by 91?
83
Calculate the remainder when 32913 is divided by 123.
72
Calculate the remainder when 17580 is divided by 150.
30
What is the remainder when 1066 is divided by 20?
6
Calculate the remainder when 5879 is divided by 235.
4
Calculate the remainder when 3802 is divided by 622.
70
Calculate the remainder when 25864 is divided by 90.
34
What is the remainder when 8867439 is divided by 40?
39
Calculate the remainder when 9539 is divided by 616.
299
What is the remainder when 35054 is divided b